 m(y).
-2
Let k be 1/(-2 + (-165)/(-81)). Suppose 44*w - 35*w = k. Let d(j) = 3*j**2 + 3. What is d(w)?
30
Let a(c) = -c**3 + 9*c**2 + 3*c - 9. Suppose 17*f - 3*f - 182 = 0. Suppose -4*x + 2*o + 38 = 0, 0 = -x - x - 5*o + f. Determine a(x).
18
Let a(m) = -11*m + 17*m**2 + 1 - 28*m**2 + 5*m**2 + 8*m**2. Let h(l) = l**2 - 2*l + 3. Let u(n) = -a(n) + 3*h(n). Give u(-3).
2
Let c(r) = r**3 + 8*r**2 + 10*r + 14. Let v be 2/(-6)*(-1)/((-11)/198). Determine c(v).
26
Let k(q) = -q**2 + 2*q + 1. Let t(l) = -2*l**2 - 35*l + 150. Let y(x) = 3*k(x) - t(x). Give y(37).
1
Let i(h) be the third derivative of h**4/24 - 9*h**3/2 - 17*h**2 + 9. Give i(7).
-20
Suppose 0 = -3*h - 6, 2*h = -4*o + 7 - 3. Let c(i) = -4*i + i**2 - 9*i**2 + 7*i**o + 5*i. Let w be (-4)/(-10)*(-20)/(-4). Give c(w).
-2
Let n(d) = -19*d - 22*d - 52 + 68*d - 28*d + 57. Calculate n(8).
-3
Let o(a) = 7*a - 24. Suppose 0 = -57*c + 3 + 168. Give o(c).
-3
Let l = 3564 + -3560. Let k(n) = -19*n + 66. Give k(l).
-10
Let q(d) = d + 10. Suppose 2*w + 19 = 9. Let c be (-2)/2*(w + 2). Suppose -4*p - 4*v - 28 = 0, -21 = c*p - 0*v - v. Determine q(p).
3
Let c(l) = -41*l + 17. Let f(m) = 11*m - 6. Let s(v) = -3*c(v) - 10*f(v). What is s(3)?
48
Let p(c) = -c**3 + 5*c**2 - 6*c + 1. Let q = -55 - -69. Suppose -2*f + 2*h + q = -0, -3*f - 5*h - 3 = 0. Calculate p(f).
-7
Let r(g) = 14*g - 3. Let j(o) = -10*o + 2. Suppose -z + 5 = 0, 5*l = 5*z - 27 - 18. Let a(t) = l*j(t) - 3*r(t). Determine a(-4).
9
Let t(r) = -36*r - 2. Let a = 81 + -81. Calculate t(a).
-2
Suppose 2 = 4*v - 4*q - 2, 0 = 2*v + 5*q - 9. Let u(p) = p**2 - 25*p + 2. Let r be u(25). Let t(b) = -v*b - b**r - 8*b + 9*b. Determine t(-2).
-2
Let b be (-214 - (4 - (2 + 7))) + 2. Let i = b + 211. Let j(q) = 2*q - 3. What is j(i)?
5
Let q be 1/2 - 225/(-30). Let j(c) be the second derivative of 7/6*c**3 + 2*c**2 + 0 - 3/4*c**4 + 1/20*c**5 + 9*c. Give j(q).
-4
Let o(i) = i**3 - 14*i**2 - 17*i + 29. Let a be o(15). Let p(x) be the second derivative of x**5/20 + x**4/12 + x**2/2 - 61*x. Give p(a).
1
Let g(y) be the first derivative of -3*y**2 + 4*y + 54. Suppose -3*d = 3*d - 12. Suppose -2 = -d*x - 8. What is g(x)?
22
Let a be ((-1)/(-2))/(60/240). Let x(w) be the first derivative of w**3/3 + w**2 + w - 2. Calculate x(a).
9
Let r(x) be the first derivative of -7*x**4/4 - x**2 - x + 1155. Calculate r(-1).
8
Suppose -l + 0 = 1. Let w = -1 + l. Let c(f) = 369*f + 6. Let o(n) = 590*n + 9. Let s(p) = 8*c(p) - 5*o(p). Give s(w).
-1
Let d = -134 + 69. Let k = -35 - d. Let n(s) = -1 + 16*s + 16*s - k*s. Give n(-2).
-5
Let t = -17811 + 356221/20. Let i(o) be the second derivative of -27*o + 1/4*o**4 - t*o**5 - 3/2*o**2 + o**3 + 0. Calculate i(4).
5
Let j(l) = -5*l**2 + l - 1. Let i(s) = -4*s**2 + 2*s - 2. Let v(w) = -6*i(w) + 5*j(w). Suppose 12*q = -8*q - 4*q - 144. Determine v(q).
13
Let v(o) be the third derivative of -o**4/6 - o**2. Let u be ((-1)/3 - -1 - -1)/(156/(-468)). What is v(u)?
20
Let l = -7356 - -7347. Let x(j) = -j**2 - 15*j - 55. What is x(l)?
-1
Let o(u) be the first derivative of u**3/3 - 2*u**2 + 4*u + 1705. Calculate o(2).
0
Let y(p) = -p**3 - 1. Let r = -13038 - -13035. Determine y(r).
26
Let v(g) be the first derivative of g**4/4 + 8*g**3/3 - 24*g + 7604. What is v(-7)?
25
Let k be (-2 + -2 - -1) + (0 - -15). Let x(y) = -2*y + k*y - y**3 - 11*y - 5*y**2 - 3. Suppose 0*l - 3*l - 19 = 2*s, -2*s + 1 = -l. Determine x(l).
2
Let g(x) be the second derivative of x**4/6 + 19*x**3/6 + 4*x**2 + 8*x + 185. Calculate g(-10).
18
Let x(z) = z + 1. Let a(k) = 30*k + 33. Let p(y) = -2*y - 2. Let j(d) = a(d) + 12*p(d). Let b(u) = -j(u) + 5*x(u). Let r be 26/(-10) - 4/10. What is b(r)?
-1
Let c(k) = -k**3 + 4*k**2 + 22*k + 83. Let l be c(8). Let z(u) = u**3 - 5*u**2 + 7*u - 9. What is z(l)?
-6
Let k(i) = -1406*i**2 - 4216*i + 1. Let p be k(-3). Let h(q) = -3*q + 21. Calculate h(p).
36
Suppose 0 = 26*j - 31 - 41 - 32. Let k(b) = -19*b**2 + 72*b + 8. What is k(j)?
-8
Let x(l) = -5*l**3 + l**2 - l + 1. Let z = 39 - 35. Suppose -25 = -k - z*k. Suppose k*y - 7 = -2. Give x(y).
-4
Let p(w) = -w**3 + 9*w**2 + 8*w + 24. Let o be p(10). Let i be (1/((-10)/o))/((-66)/(-660)). Let l(b) = -b**2 - 4*b - 1. Give l(i).
-1
Suppose 886*y + 376 = 933*y. Let a(q) = -q + 16. Determine a(y).
8
Let y(o) = -20*o - 5. Suppose -31*k = -17*k + 44*k. What is y(k)?
-5
Let k(y) be the first derivative of y**4/4 - y**3 + 2*y**2 + 13*y - 8701. Give k(-4).
-115
Let l(t) = -77*t**3 - 2*t + 0 - 2 + t**2 + 120*t**3 - 59*t**3. Give l(-1).
17
Let k(o) = -53 + 3*o**2 - 8501*o - 8510*o + 17028*o. What is k(-8)?
3
Suppose 4*j - 2227 = 61. Let d(t) = -j + 565 + 6*t - 3*t. Calculate d(9).
20
Let l(n) = -n**2 + 10*n. Let s(r) = 2*r**2 - 24*r - 732. Let q be s(-14). What is l(q)?
-56
Let w(k) = 8*k + 2. Let g(n) = 6 + 5*n**2 + 2*n + 9*n**2 - 15*n**2. Let o be g(-2). Determine w(o).
-14
Suppose 3*b - 2 = 4*d, 24 - 20 = 7*d - 4*b. Let a(f) = 21*f - 7. Let i(q) = -5*q + 2. Let v(m) = -2*a(m) - 9*i(m). Give v(d).
8
Suppose -5*y = -u + 5, -4*u + 5*y + 0 - 55 = 0. Let w(x) = 6*x**2 + 121*x + 7. Calculate w(u).
-13
Let b be 3/2*(-1)/((-18)/(-12)). Let i(s) be the first derivative of -s**4 - s**2/2 + 25. Determine i(b).
5
Let k(w) = w**3 - 8*w**2 + 3*w + 3. Let t be k(8). Let a(r) = -51*r + t*r + 2*r**2 + 1 + 25*r. Calculate a(-1).
2
Let r be (-5 - (-6 + -8)) + (-1 - 6). Let b(z) be the first derivative of -3*z - 1/3*z**3 + 3*z**r + 3. Calculate b(3).
6
Let b(h) = 7*h + 5. Let t be 4*1 + 2 + -1. Suppose 0 = 4*k - x + 13 + 3, -12 = 3*k + 5*x. Let i(q) = 6*q + 6. Let z(o) = k*b(o) + t*i(o). Determine z(-7).
-4
Suppose 21*b - 5 = 20*b. Suppose 0 = -2*y - y - 2*u + 7, -b*y - u = 0. Let f(o) be the second derivative of -7*o**3/6 - o**2/2 + 2*o - 16. Give f(y).
6
Let k(j) be the first derivative of -j**2/2 + 6*j + 423. Give k(2).
4
Let w(u) = -11*u + 50. Let f(a) = -a**2 - 58*a + 610. Let z be f(-67). Determine w(z).
-27
Suppose -r + 0*r - 2*o = 3, -5*r - 51 = -2*o. Let g(a) = a - 29. Let n(w) = -w + 19. Let y(v) = 2*g(v) + 3*n(v). Calculate y(r).
8
Let i(f) be the second derivative of f**4 - f**3/6 - 18*f**2 - 7479*f. Determine i(0).
-36
Let y(o) be the first derivative of o**3/3 - 23*o + 2668. What is y(-7)?
26
Let g(b) be the third derivative of -b**6/180 + 7*b**5/120 - b**4/6 - 11*b**3/6 - b**2 - 23. Let x(n) be the first derivative of g(n). What is x(4)?
-8
Let k(j) = j**2 - 13*j + 4. Let w be (-103)/206*(-80)/(-8). What is k(w)?
94
Let b = -456 + 442. Let s be (b/2)/(-1) + 6. Let n(z) = z**2 - 15*z + 19. What is n(s)?
-7
Let w(n) = -n**2 + 11*n + 19. Let l(g) = 115*g - 679. Let p be l(6). Determine w(p).
19
Let r = 3780 - 3781. Let t(z) = -72*z + 72*z - 6*z**3 - z**2. Give t(r).
5
Suppose 15 = -5*o + 5. Suppose -r = -3*m + 3*r + 23, -4*m - 2*r = 6. Let n(y) = 4*y**2 - m - 4*y - 6*y**2 + 3*y + 7*y**2. Calculate n(o).
21
Let y(z) = 360*z + 1989. Let a(d) = 89*d + 496. Let m(h) = 9*a(h) - 2*y(h). Calculate m(-6).
0
Let k(s) = -43 - 2294006*s - s**2 + 2294016*s + 2*s**2 + 0*s**2. Calculate k(-11).
-32
Let j be (4/3 + -1)/((-30)/(-10710)). Let c(a) = j*a + 0*a**2 - a**2 + 13 - 108*a. What is c(11)?
13
Let c(y) = -107*y**2 + 20*y + 6. Let m(w) = 25*w**2 - 2*w + 2. Let q(s) = -c(s) - 4*m(s). Determine q(-1).
5
Let c(o) be the third derivative of -4/3*o**3 + o**2 + 0*o + 2 + 1/24*o**4. Give c(0).
-8
Let b(g) = 5*g + 5. Let r(u) = -u + 1. Let l(o) = -b(o) - 4*r(o). Suppose -5*y - 1017 = -4*q, 281 = 4*q - y - 716. Suppose -q*d - 12 = -245*d. Give l(d).
-5
Suppose -3*j = 5*b - 5, -b - 4*j = 2*b - 3. Let g(t) = 2*t**3 + b + 2*t + 5*t**3 - 3*t**2 - 10*t**3. Determine g(2).
-31
Let p(t) be the first derivative of t**4/4 - 7*t**3/3 - 5*t**2 + 7*t - 28606. Suppose -5*l = -8 - 32. Determine p(l).
-9
Let h(d) = 17*d**2 - 560*d - 27. Let v be h(33). Let a(n) = -n**3 + 7*n**2 - 7*n - 1. Calculate a(v).
-7
Let j(l) be the third derivative of l**5/60 - l**4/8 - l**3/3 + 15809*l**2. Let p(v) = v**2 - 5*v + 2. Let r be p(3). Determine j(r).
26
Let z(q) be the first derivative of -q**3 + 3*q**2/2 + 3*q - 3697. Give z(3).
-15
Let f = -4995 + 4988. Let h(g) = g**3 + 6*g**2 - 6*g + 19. What is h(f)?
12
Let f(t) = 10*t**3 - 2*t + 1. Let j(g) = g - 3. Let z(o) = o + 11. Let h(b) = -2*j(b) - z(b). Let v be h(-2). What is f(v)?
9
Let o(y)